culate the greatest common factor of z and l.
17
Suppose 2*c - 1 = 27. Calculate the highest common divisor of c and 126.
14
Let l be (3 + -2)/((-1)/(-7)). Let j be (-2 + l + -2)*57. Suppose -3*t = 5*v - 45 + 3, -2*v = -t + 25. Calculate the highest common factor of j and t.
19
Suppose 0 = 2*t + 2*t + 8. Let p = 14 - t. Calculate the highest common factor of 128 and p.
16
Let m = 148 + -64. Suppose 2*j + 25 = -83. Let f = j + m. Calculate the greatest common divisor of f and 12.
6
Suppose -34*m + 224 = -30*m. What is the greatest common divisor of m and 14?
14
Let u(f) = 1 - 7*f - f**2 + 2*f**2 - 2. Let v be u(6). Let w be (v/4 - -2)*4. What is the highest common factor of w and 1?
1
Suppose -3*v + 3*i = -21, 0 = -0*v + 5*v + 4*i - 8. Let k(p) = -17*p - 4. Let u be k(-4). Suppose q - u = -3*q. What is the greatest common divisor of v and q?
4
Suppose 2*a + 7*a - 108 = 0. Let x = 20 - 14. What is the greatest common factor of a and x?
6
Suppose 4*a = -5*p + 6, 2*p + 5*a + 7 = 3*p. What is the highest common divisor of p and 22?
2
Let a(x) = -x**3 - 9*x**2 + 8*x + 19. Let f be a(-10). Calculate the greatest common divisor of 52 and f.
13
Let s = -10 + 15. Suppose -2*w - w + 24 = -2*n, 0 = 2*w + s*n - 16. Suppose -q + 3 = -b + w, -23 = -4*b + 3*q. What is the highest common factor of b and 64?
8
Let u = 26 - -5. Calculate the greatest common factor of 62 and u.
31
Let w(s) = 3*s - 74. Let v be w(30). Suppose -2*q + 2*u + 80 = 5*u, 2*q - 3*u - 80 = 0. Calculate the highest common divisor of v and q.
8
Let r = 40 + -26. Suppose -155 = -5*m + 5*j, -9*j = 2*m - 4*j - 41. What is the greatest common divisor of r and m?
14
Let u(n) = 17*n + 3. Let w(d) = -d - 1. Let q(y) = u(y) + 6*w(y). Let v be q(9). What is the highest common factor of 12 and v?
12
Suppose 0 = -h - 2*h + 99. What is the highest common divisor of h and 11?
11
Let g(k) = -k**3 + 4*k**2 - k + 2. Let t be g(4). Let x(o) = -o + 2. Let i be x(t). Suppose 0 = 4*z - 3 - 61. What is the greatest common divisor of z and i?
4
Suppose i = -a + 22, -14 = -3*a + 2*a + 3*i. Let g(w) = w**2 - 12*w - 3. Let f be g(13). Calculate the highest common factor of f and a.
10
Let k be (-2 - -4)*1 - -98. What is the highest common factor of k and 25?
25
Let n(a) = a**2 - a. Let x be n(6). Let y be (1/3)/(2/x). Suppose 3*h = y*l - 46 - 628, -5*h + 118 = l. What is the highest common factor of 19 and l?
19
Let f = -122 - -126. What is the greatest common divisor of 16 and f?
4
Let l be (1 - 7)*6/(-9). Let k(w) = -w**3 - 7*w**2 + 2. Let i be k(-7). Let g(v) = 3*v**2 - v. Let s be g(i). What is the greatest common divisor of l and s?
2
Suppose w - 113 = m - 4*m, 2*w = -2*m + 82. Let p(a) = -a**2 - a + 7. Let j be p(0). Let k be j + 2 + 0 + 0. What is the highest common divisor of k and m?
9
Let n(c) = -c**3 - 4*c**2 + 4*c + 2. Let s(q) = q**2 + 7*q + 5. Let o be s(-5). Let z be n(o). What is the highest common divisor of z and 49?
7
Let r be (1 - -2) + 1/(1/3). What is the greatest common divisor of 24 and r?
6
Suppose -86 = -2*z - 36. Suppose -2*f = -10*f + 600. What is the highest common factor of f and z?
25
Suppose -2*m = -5 - 27. Suppose 0 = 4*s + 12 - 28. Calculate the highest common divisor of s and m.
4
Let m be (-1 - 1/(-2))*(-3 - 11). What is the greatest common factor of m and 4?
1
Suppose -q - 8 - 8 = 0. Let u be 6*(-2)/q*20. Calculate the highest common factor of 15 and u.
15
Suppose -o = o - 8. Suppose -5*p - 15 = 0, -p + 18 = 3*b - o*p. Suppose 237 = b*l + 48. Calculate the highest common divisor of 7 and l.
7
Suppose 3*o - 326 = -2*a, 4*o + 9*a - 4*a = 437. Let f be -9*(48/9)/(-4). Calculate the highest common factor of f and o.
12
Let v = 8 - -68. Let a = 131 - v. Calculate the greatest common factor of a and 5.
5
Let g(d) = d + 6. Let b be g(-4). Suppose -5*u + u = 0. Suppose j - 12 = -b*v + 8, v - 5*j - 32 = u. What is the highest common factor of v and 30?
6
Suppose -s - 5*y + 78 + 12 = 0, -s = 3*y - 90. Let x(t) = -t**2 - 10*t - 6. Let p be x(-8). Calculate the greatest common divisor of s and p.
10
Suppose 30 - 8 = 11*c. What is the highest common factor of 12 and c?
2
Suppose -5*l = -230 - 145. What is the greatest common divisor of l and 30?
15
Let l be 4/(-22) + (-46)/(-11). Suppose -y = y + 3*v + 6, 4*y + 2*v = l. Calculate the greatest common factor of y and 24.
3
Let w(f) = f**3 - 8*f**2 + f - 6. Let c be w(8). Let y be (27/c)/((-1)/(-2)). What is the highest common factor of 3 and y?
3
Let a = -50 - -160. What is the highest common factor of 10 and a?
10
Suppose 0 = 5*j - 4*a - 7, 5*j + 3*a = 2*a + 17. Suppose 0*p = j*p - 66. What is the greatest common divisor of 88 and p?
22
Let v(g) = 2*g**2 - g + 2. Let a be v(2). Calculate the greatest common factor of a and 56.
8
Let b(a) = -31*a**3 - a**2 + 1. Let m = 14 - 15. Let y be b(m). What is the highest common factor of 217 and y?
31
Let w(c) = -3*c - 4 + 1 - 2 - 5. Let d be w(-9). Calculate the greatest common divisor of d and 17.
17
Let l = 7 - -8. Calculate the highest common factor of l and 15.
15
Let a = 43 - 19. Calculate the highest common factor of 60 and a.
12
Let c = -14 + 8. Let s = -4 - c. Suppose 2*t - 5*o = 73, s*t + 2*t - 153 = 3*o. What is the highest common factor of 13 and t?
13
Let n(u) = 21*u**3 + u**2. Suppose -4 = f - 5. Let a be n(f). What is the greatest common divisor of 198 and a?
22
Suppose 7 = -5*l - 3. Let s be l/3 + 128/(-6). Let t be (1 - s)/1 + 1. What is the highest common divisor of 3 and t?
3
Let o be 1 + (-1)/(-1) + 1. Suppose 3*q = -o*i - 165 + 582, 0 = -3*q - 4*i + 413. Calculate the greatest common divisor of 13 and q.
13
Suppose -16 = 4*d - 8*d. Suppose 0 = -3*j - b - d*b + 4, 5*b = -5*j. Let z be 7 - -4*j/4. What is the greatest common divisor of 5 and z?
5
Let i = -3 + 3. Let b = 1 + i. Calculate the highest common divisor of 9 and b.
1
Let c = -22 + 38. Suppose c + 20 = 3*o. Calculate the highest common factor of 108 and o.
12
Let n be 2 + 0 + (1 - 1). Let p(o) = -4*o + 7*o + 8 - n*o. Let h be p(6). What is the highest common factor of h and 42?
14
Let b(g) = g**3 + 12*g**2 - 7*g + 4. Let q be b(-8). Let u = -190 + q. What is the greatest common factor of 18 and u?
18
Let q(a) = a + 10. Let o be q(-5). Suppose o*g - h + 6*h - 35 = 0, 4*g - 5*h = 10. Suppose -j = -3 - g. Calculate the highest common divisor of 1 and j.
1
Let i(o) = 26*o**2 - 2*o. Let q be i(-2). Suppose 3*b = -2*k + 30, -7 = -k - b + 7. Calculate the greatest common divisor of q and k.
12
Let p(s) = -9*s**2 - 2*s. Let a be p(2). Let y be a/(-18) - 6/27. What is the greatest common divisor of 8 and y?
2
Suppose 3*z - 523 + 148 = 0. Calculate the highest common factor of 50 and z.
25
Let j(k) = 2*k**2 + 4*k**2 + 2*k**2. Suppose -2*q + 5*q + 6 = 0. Let n be j(q). Calculate the highest common divisor of n and 4.
4
Let i be 2 + (2 + 2 - -2). Suppose 3*m = r - 37, 0 = 2*m + r + r + 38. Let o be 9/7 - (-4)/m. Calculate the greatest common divisor of o and i.
1
Let t(n) = -n**3 + 10*n**2 - n + 21. Let v be t(10). Suppose 2 = -k + 35. Calculate the highest common divisor of k and v.
11
Let l(t) = t**2 + t + 2. Let r be l(0). Let p be 2/(-1) + 0 + r. Suppose p = 3*v - 3, -3*k + 16 = 6*v - 2*v. What is the greatest common divisor of k and 44?
4
Let d(m) = 3*m**2 - 6*m - 9. Let k be d(7). Calculate the greatest common factor of k and 12.
12
Let p be 4/5*5/2. Let u be 12/p + 1 + -2. What is the highest common divisor of 1 and u?
1
Let w(i) = i**2 + 11*i + 6. Let l be w(-12). Calculate the highest common factor of l and 18.
18
Suppose 8*k - 16 = 40. What is the greatest common divisor of 14 and k?
7
Suppose -3*b - 43 = -121. Suppose -3*g = -5*g + b. What is the greatest common factor of 13 and g?
13
Suppose y = -5*l + 2*y + 28, 3 = 3*l + 4*y. What is the greatest common divisor of 40 and l?
5
Let r = 618 - 348. What is the highest common divisor of r and 27?
27
Let g be (-7 + 0)*(-2 + -4). Let n be 56/g - 100/(-6). What is the highest common divisor of 2 and n?
2
Suppose 0 = -3*v + 4 + 5. Suppose 0 = -v*i + 4*i - 9. Suppose n = 5*n - 180. Calculate the highest common divisor of i and n.
9
Let v(t) = 13*t**2 + 7*t. Let i be v(5). Suppose -3*r + 7*r = i. What is the greatest common divisor of 10 and r?
10
Suppose 103 + 401 = 9*d. What is